{"id":572,"date":"2025-09-08T11:20:26","date_gmt":"2025-09-08T11:20:26","guid":{"rendered":"https:\/\/abriendocamino.org\/?page_id=572"},"modified":"2025-09-10T05:20:19","modified_gmt":"2025-09-10T05:20:19","slug":"572-2","status":"publish","type":"page","link":"https:\/\/abriendocamino.org\/?page_id=572","title":{"rendered":"Casa Tutelada Abriendo Camino"},"content":{"rendered":"<p>[et_pb_section fb_built=\u00bb1&#8243; _builder_version=\u00bb4.27.4&#8243; _module_preset=\u00bbdefault\u00bb global_colors_info=\u00bb{}\u00bb][et_pb_row _builder_version=\u00bb4.27.4&#8243; _module_preset=\u00bbdefault\u00bb global_colors_info=\u00bb{}\u00bb][et_pb_column type=\u00bb4_4&#8243; _builder_version=\u00bb4.27.4&#8243; _module_preset=\u00bbdefault\u00bb global_colors_info=\u00bb{}\u00bb][et_pb_text _builder_version=\u00bb4.27.4&#8243; _module_preset=\u00bbdefault\u00bb global_colors_info=\u00bb{}\u00bb]<\/p>\n<h1 data-start=\"308\" data-end=\"344\"><strong>Casa Tutelada \u201cAbriendo Camino\u201d<\/strong><\/h1>\n<p>[\/et_pb_text][et_pb_video src=\u00bbhttps:\/\/abriendocamino.org\/wp-content\/uploads\/2025\/09\/CasaTutelada.mp4&#8243; _builder_version=\u00bb4.27.4&#8243; _module_preset=\u00bbdefault\u00bb global_colors_info=\u00bb{}\u00bb][\/et_pb_video][et_pb_text _builder_version=\u00bb4.27.4&#8243; _module_preset=\u00bbdefault\u00bb global_colors_info=\u00bb{}\u00bb]<\/p>\n<h2 data-start=\"346\" data-end=\"394\">Una vivienda para vivir con autonom\u00eda y apoyo<\/h2>\n<p>&nbsp;<\/p>\n<p data-start=\"395\" data-end=\"628\" style=\"text-align: justify;\">La <strong data-start=\"398\" data-end=\"415\">Casa Tutelada<\/strong> es un proyecto pensado para que personas con discapacidad intelectual y\/o del desarrollo puedan <strong data-start=\"512\" data-end=\"570\">convivir, desarrollarse y alcanzar mayor independencia<\/strong>, siempre con los apoyos necesarios seg\u00fan sus necesidades.<\/p>\n<p data-start=\"630\" data-end=\"793\" style=\"text-align: justify;\">Queremos que cada persona tenga la oportunidad de <strong data-start=\"680\" data-end=\"730\">crecer, convivir y disfrutar de una vida plena<\/strong>, participando activamente en su entorno como un ciudadano m\u00e1s.<\/p>\n<hr data-start=\"795\" data-end=\"798\" \/>\n<h2 data-start=\"800\" data-end=\"829\" style=\"text-align: justify;\"><\/h2>\n<h2 data-start=\"800\" data-end=\"829\" style=\"text-align: justify;\"><\/h2>\n<h2 data-start=\"800\" data-end=\"829\" style=\"text-align: justify;\">C\u00f3mo nace este proyecto<\/h2>\n<p style=\"text-align: justify;\">\n<p data-start=\"830\" data-end=\"1018\" style=\"text-align: justify;\">Durante a\u00f1os, muchas familias han compartido con nosotros su preocupaci\u00f3n por el futuro de sus seres queridos con discapacidad intelectual:<br data-start=\"969\" data-end=\"972\" \/><strong data-start=\"972\" data-end=\"1018\">\u00bfqu\u00e9 pasar\u00e1 cuando ya no puedan cuidarlos?<\/strong><\/p>\n<p data-start=\"1020\" data-end=\"1285\" style=\"text-align: justify;\">Desde la <strong data-start=\"1029\" data-end=\"1095\">Asociaci\u00f3n Discapacitados Abriendo Camino (Meng\u00edbar y comarca)<\/strong> hemos dado un paso adelante: crear una <strong data-start=\"1135\" data-end=\"1156\">vivienda tutelada<\/strong> donde los usuarios puedan continuar su vida con normalidad, desarrollando al m\u00e1ximo su autonom\u00eda y mejorando su calidad de vida.<\/p>\n<hr data-start=\"1287\" data-end=\"1290\" \/>\n<h2 data-start=\"1292\" data-end=\"1312\" style=\"text-align: justify;\"><\/h2>\n<h2 data-start=\"1292\" data-end=\"1312\" style=\"text-align: justify;\"><\/h2>\n<h2 data-start=\"1292\" data-end=\"1312\" style=\"text-align: justify;\">Nuestra misi\u00f3n<\/h2>\n<p style=\"text-align: justify;\">\n<ul data-start=\"1313\" data-end=\"1626\" style=\"text-align: justify;\">\n<li data-start=\"1313\" data-end=\"1440\">\n<p data-start=\"1315\" data-end=\"1440\">Ofrecer un hogar donde las personas con discapacidad puedan <strong data-start=\"1375\" data-end=\"1410\">convivir de forma independiente<\/strong>, con apoyos personalizados.<\/p>\n<\/li>\n<li data-start=\"1441\" data-end=\"1543\">\n<p data-start=\"1443\" data-end=\"1543\">Dar tranquilidad a las familias, asegurando que sus seres queridos estar\u00e1n cuidados y acompa\u00f1ados.<\/p>\n<\/li>\n<li data-start=\"1544\" data-end=\"1626\">\n<p data-start=\"1546\" data-end=\"1626\">Potenciar las habilidades sociales, personales y comunitarias de cada usuario.<\/p>\n<\/li>\n<\/ul>\n<hr data-start=\"1628\" data-end=\"1631\" \/>\n<h2 data-start=\"1633\" data-end=\"1647\" style=\"text-align: justify;\"><\/h2>\n<h2 data-start=\"1633\" data-end=\"1647\" style=\"text-align: justify;\"><\/h2>\n<h2 data-start=\"1633\" data-end=\"1647\" style=\"text-align: justify;\">Objetivos<\/h2>\n<p style=\"text-align: justify;\">\n<p data-start=\"1648\" data-end=\"1663\" style=\"text-align: justify;\"><strong data-start=\"1648\" data-end=\"1661\">Generales<\/strong><\/p>\n<ul data-start=\"1664\" data-end=\"1794\" style=\"text-align: justify;\">\n<li data-start=\"1664\" data-end=\"1715\">\n<p data-start=\"1666\" data-end=\"1715\">Fomentar la autonom\u00eda y el desarrollo personal.<\/p>\n<\/li>\n<li data-start=\"1716\" data-end=\"1794\">\n<p data-start=\"1718\" data-end=\"1794\">Dar respuesta a la realidad del envejecimiento de las familias cuidadoras.<\/p>\n<\/li>\n<\/ul>\n<p data-start=\"1796\" data-end=\"1813\" style=\"text-align: justify;\"><strong data-start=\"1796\" data-end=\"1811\">Espec\u00edficos<\/strong><\/p>\n<ul data-start=\"1814\" data-end=\"2201\" style=\"text-align: justify;\">\n<li data-start=\"1814\" data-end=\"1881\">\n<p data-start=\"1816\" data-end=\"1881\">Promover la independencia en las actividades de la vida diaria.<\/p>\n<\/li>\n<li data-start=\"1882\" data-end=\"1928\">\n<p data-start=\"1884\" data-end=\"1928\">Fortalecer la autonom\u00eda personal y social.<\/p>\n<\/li>\n<li data-start=\"1929\" data-end=\"1984\">\n<p data-start=\"1931\" data-end=\"1984\">Mejorar las aptitudes para convivir y relacionarse.<\/p>\n<\/li>\n<li data-start=\"1985\" data-end=\"2060\">\n<p data-start=\"1987\" data-end=\"2060\">Favorecer la integraci\u00f3n en la comunidad y el uso de recursos sociales.<\/p>\n<\/li>\n<li data-start=\"2061\" data-end=\"2128\">\n<p data-start=\"2063\" data-end=\"2128\">Elaborar programas individualizados de apoyo y h\u00e1bitos de vida.<\/p>\n<\/li>\n<li data-start=\"2129\" data-end=\"2201\">\n<p data-start=\"2131\" data-end=\"2201\">Reducir la ansiedad por separaci\u00f3n y la desestabilizaci\u00f3n emocional.<\/p>\n<\/li>\n<\/ul>\n<hr data-start=\"2203\" data-end=\"2206\" \/>\n<h2 data-start=\"2208\" data-end=\"2239\" style=\"text-align: justify;\"><\/h2>\n<h2 data-start=\"2208\" data-end=\"2239\" style=\"text-align: justify;\"><\/h2>\n<h2 data-start=\"2208\" data-end=\"2239\" style=\"text-align: justify;\">Criterios de acceso<\/h2>\n<p style=\"text-align: justify;\">\n<p data-start=\"2240\" data-end=\"2265\" style=\"text-align: justify;\">Podr\u00e1n solicitar plaza:<\/p>\n<ul data-start=\"2266\" data-end=\"2471\" style=\"text-align: justify;\">\n<li data-start=\"2266\" data-end=\"2319\">\n<p data-start=\"2268\" data-end=\"2319\">Personas con <strong data-start=\"2281\" data-end=\"2316\">grado de dependencia reconocido<\/strong>.<\/p>\n<\/li>\n<li data-start=\"2320\" data-end=\"2374\">\n<p data-start=\"2322\" data-end=\"2374\">Usuarios del <strong data-start=\"2335\" data-end=\"2371\">centro ocupacional de la comarca<\/strong>.<\/p>\n<\/li>\n<li data-start=\"2375\" data-end=\"2413\">\n<p data-start=\"2377\" data-end=\"2413\">Nivel de autonom\u00eda <strong data-start=\"2396\" data-end=\"2410\">medio\/alto<\/strong>.<\/p>\n<\/li>\n<li data-start=\"2414\" data-end=\"2471\">\n<p data-start=\"2416\" data-end=\"2471\">Grado de discapacidad reconocido entre <strong data-start=\"2455\" data-end=\"2468\">45% y 75%<\/strong>.<\/p>\n<\/li>\n<\/ul>\n<p data-start=\"2473\" data-end=\"2660\" style=\"text-align: justify;\"><em data-start=\"2473\" data-end=\"2660\">(En casos excepcionales se valorar\u00e1n situaciones fuera de estos m\u00e1rgenes, siempre que la persona cuente con un nivel adecuado de autonom\u00eda y sin problemas graves de conducta asociados.)<\/em><\/p>\n<hr data-start=\"2662\" data-end=\"2665\" \/>\n<h2 data-start=\"2667\" data-end=\"2683\" style=\"text-align: justify;\"><\/h2>\n<h2 data-start=\"2667\" data-end=\"2683\" style=\"text-align: justify;\"><\/h2>\n<h2 data-start=\"2667\" data-end=\"2683\" style=\"text-align: justify;\">Conclusi\u00f3n<\/h2>\n<p style=\"text-align: justify;\">\n<p data-start=\"2684\" data-end=\"2816\" style=\"text-align: justify;\">Con m\u00e1s de <strong data-start=\"2695\" data-end=\"2753\">20 a\u00f1os de experiencia en el sector de la discapacidad<\/strong>, en <strong data-start=\"2758\" data-end=\"2777\">Abriendo Camino<\/strong> damos un paso m\u00e1s con este proyecto.<\/p>\n<p data-start=\"2818\" data-end=\"3037\" style=\"text-align: justify;\">La <strong data-start=\"2821\" data-end=\"2838\">Casa Tutelada<\/strong> nace de la <strong data-start=\"2850\" data-end=\"2886\">ilusi\u00f3n, compromiso y dedicaci\u00f3n<\/strong> de todo un equipo que comparte un mismo objetivo:<br data-start=\"2936\" data-end=\"2939\" \/>\ud83d\udc49 <strong data-start=\"2942\" data-end=\"3037\">Mejorar la calidad de vida de las personas con discapacidad intelectual y\/o del desarrollo.<\/strong><\/p>\n<p>[\/et_pb_text][et_pb_gallery gallery_ids=\u00bb582,583,584,585,586,587,588,589&#8243; posts_number=\u00bb8&#8243; show_title_and_caption=\u00bboff\u00bb _builder_version=\u00bb4.27.4&#8243; _module_preset=\u00bbdefault\u00bb global_colors_info=\u00bb{}\u00bb][\/et_pb_gallery][\/et_pb_column][\/et_pb_row][\/et_pb_section]<\/p>\n","protected":false},"excerpt":{"rendered":"<p>Casa Tutelada \u201cAbriendo Camino\u201dUna vivienda para vivir con autonom\u00eda y apoyo &nbsp; La Casa Tutelada es un proyecto pensado para que personas con discapacidad intelectual y\/o del desarrollo puedan convivir, desarrollarse y alcanzar mayor independencia, siempre con los apoyos necesarios seg\u00fan sus necesidades. Queremos que cada persona tenga la oportunidad de crecer, convivir y disfrutar [&hellip;]<\/p>\n","protected":false},"author":1,"featured_media":0,"parent":0,"menu_order":0,"comment_status":"closed","ping_status":"closed","template":"","meta":{"_et_pb_use_builder":"on","_et_pb_old_content":"","_et_gb_content_width":"","footnotes":""},"class_list":["post-572","page","type-page","status-publish","hentry"],"_links":{"self":[{"href":"https:\/\/abriendocamino.org\/index.php?rest_route=\/wp\/v2\/pages\/572","targetHints":{"allow":["GET"]}}],"collection":[{"href":"https:\/\/abriendocamino.org\/index.php?rest_route=\/wp\/v2\/pages"}],"about":[{"href":"https:\/\/abriendocamino.org\/index.php?rest_route=\/wp\/v2\/types\/page"}],"author":[{"embeddable":true,"href":"https:\/\/abriendocamino.org\/index.php?rest_route=\/wp\/v2\/users\/1"}],"replies":[{"embeddable":true,"href":"https:\/\/abriendocamino.org\/index.php?rest_route=%2Fwp%2Fv2%2Fcomments&post=572"}],"version-history":[{"count":6,"href":"https:\/\/abriendocamino.org\/index.php?rest_route=\/wp\/v2\/pages\/572\/revisions"}],"predecessor-version":[{"id":663,"href":"https:\/\/abriendocamino.org\/index.php?rest_route=\/wp\/v2\/pages\/572\/revisions\/663"}],"wp:attachment":[{"href":"https:\/\/abriendocamino.org\/index.php?rest_route=%2Fwp%2Fv2%2Fmedia&parent=572"}],"curies":[{"name":"wp","href":"https:\/\/api.w.org\/{rel}","templated":true}]}}

<p>[et_pb_section fb_built=»1&#8243; _builder_version=»4.27.4&#8243; _module_preset=»default» global_colors_info=»{}»][et_pb_row _builder_version=»4.27.4&#8243; _module_preset=»default» global_colors_info=»{}»][et_pb_column type=»4_4&#8243; _builder_version=»4.27.4&#8243; _module_preset=»default» global_colors_info=»{}»][et_pb_text _builder_version=»4.27.4&#8243; _module_preset=»default» global_colors_info=»{}»]</p>
<h1 data-start="308" data-end="344"><strong>Casa Tutelada “Abriendo Camino”</strong></h1>
<p>[/et_pb_text][et_pb_video src=»https://abriendocamino.org/wp-content/uploads/2025/09/CasaTutelada.mp4&#8243; _builder_version=»4.27.4&#8243; _module_preset=»default» global_colors_info=»{}»][/et_pb_video][et_pb_text _builder_version=»4.27.4&#8243; _module_preset=»default» global_colors_info=»{}»]</p>
<h2 data-start="346" data-end="394">Una vivienda para vivir con autonomía y apoyo</h2>
<p>&nbsp;</p>
<p data-start="395" data-end="628" style="text-align: justify;">La <strong data-start="398" data-end="415">Casa Tutelada</strong> es un proyecto pensado para que personas con discapacidad intelectual y/o del desarrollo puedan <strong data-start="512" data-end="570">convivir, desarrollarse y alcanzar mayor independencia</strong>, siempre con los apoyos necesarios según sus necesidades.</p>
<p data-start="630" data-end="793" style="text-align: justify;">Queremos que cada persona tenga la oportunidad de <strong data-start="680" data-end="730">crecer, convivir y disfrutar de una vida plena</strong>, participando activamente en su entorno como un ciudadano más.</p>
<hr data-start="795" data-end="798" />
<h2 data-start="800" data-end="829" style="text-align: justify;"></h2>
<h2 data-start="800" data-end="829" style="text-align: justify;"></h2>
<h2 data-start="800" data-end="829" style="text-align: justify;">Cómo nace este proyecto</h2>
<p style="text-align: justify;">
<p data-start="830" data-end="1018" style="text-align: justify;">Durante años, muchas familias han compartido con nosotros su preocupación por el futuro de sus seres queridos con discapacidad intelectual:<br data-start="969" data-end="972" /><strong data-start="972" data-end="1018">¿qué pasará cuando ya no puedan cuidarlos?</strong></p>
<p data-start="1020" data-end="1285" style="text-align: justify;">Desde la <strong data-start="1029" data-end="1095">Asociación Discapacitados Abriendo Camino (Mengíbar y comarca)</strong> hemos dado un paso adelante: crear una <strong data-start="1135" data-end="1156">vivienda tutelada</strong> donde los usuarios puedan continuar su vida con normalidad, desarrollando al máximo su autonomía y mejorando su calidad de vida.</p>
<hr data-start="1287" data-end="1290" />
<h2 data-start="1292" data-end="1312" style="text-align: justify;"></h2>
<h2 data-start="1292" data-end="1312" style="text-align: justify;"></h2>
<h2 data-start="1292" data-end="1312" style="text-align: justify;">Nuestra misión</h2>
<p style="text-align: justify;">
<ul data-start="1313" data-end="1626" style="text-align: justify;">
<li data-start="1313" data-end="1440">
<p data-start="1315" data-end="1440">Ofrecer un hogar donde las personas con discapacidad puedan <strong data-start="1375" data-end="1410">convivir de forma independiente</strong>, con apoyos personalizados.</p>
</li>
<li data-start="1441" data-end="1543">
<p data-start="1443" data-end="1543">Dar tranquilidad a las familias, asegurando que sus seres queridos estarán cuidados y acompañados.</p>
</li>
<li data-start="1544" data-end="1626">
<p data-start="1546" data-end="1626">Potenciar las habilidades sociales, personales y comunitarias de cada usuario.</p>
</li>
</ul>
<hr data-start="1628" data-end="1631" />
<h2 data-start="1633" data-end="1647" style="text-align: justify;"></h2>
<h2 data-start="1633" data-end="1647" style="text-align: justify;"></h2>
<h2 data-start="1633" data-end="1647" style="text-align: justify;">Objetivos</h2>
<p style="text-align: justify;">
<p data-start="1648" data-end="1663" style="text-align: justify;"><strong data-start="1648" data-end="1661">Generales</strong></p>
<ul data-start="1664" data-end="1794" style="text-align: justify;">
<li data-start="1664" data-end="1715">
<p data-start="1666" data-end="1715">Fomentar la autonomía y el desarrollo personal.</p>
</li>
<li data-start="1716" data-end="1794">
<p data-start="1718" data-end="1794">Dar respuesta a la realidad del envejecimiento de las familias cuidadoras.</p>
</li>
</ul>
<p data-start="1796" data-end="1813" style="text-align: justify;"><strong data-start="1796" data-end="1811">Específicos</strong></p>
<ul data-start="1814" data-end="2201" style="text-align: justify;">
<li data-start="1814" data-end="1881">
<p data-start="1816" data-end="1881">Promover la independencia en las actividades de la vida diaria.</p>
</li>
<li data-start="1882" data-end="1928">
<p data-start="1884" data-end="1928">Fortalecer la autonomía personal y social.</p>
</li>
<li data-start="1929" data-end="1984">
<p data-start="1931" data-end="1984">Mejorar las aptitudes para convivir y relacionarse.</p>
</li>
<li data-start="1985" data-end="2060">
<p data-start="1987" data-end="2060">Favorecer la integración en la comunidad y el uso de recursos sociales.</p>
</li>
<li data-start="2061" data-end="2128">
<p data-start="2063" data-end="2128">Elaborar programas individualizados de apoyo y hábitos de vida.</p>
</li>
<li data-start="2129" data-end="2201">
<p data-start="2131" data-end="2201">Reducir la ansiedad por separación y la desestabilización emocional.</p>
</li>
</ul>
<hr data-start="2203" data-end="2206" />
<h2 data-start="2208" data-end="2239" style="text-align: justify;"></h2>
<h2 data-start="2208" data-end="2239" style="text-align: justify;"></h2>
<h2 data-start="2208" data-end="2239" style="text-align: justify;">Criterios de acceso</h2>
<p style="text-align: justify;">
<p data-start="2240" data-end="2265" style="text-align: justify;">Podrán solicitar plaza:</p>
<ul data-start="2266" data-end="2471" style="text-align: justify;">
<li data-start="2266" data-end="2319">
<p data-start="2268" data-end="2319">Personas con <strong data-start="2281" data-end="2316">grado de dependencia reconocido</strong>.</p>
</li>
<li data-start="2320" data-end="2374">
<p data-start="2322" data-end="2374">Usuarios del <strong data-start="2335" data-end="2371">centro ocupacional de la comarca</strong>.</p>
</li>
<li data-start="2375" data-end="2413">
<p data-start="2377" data-end="2413">Nivel de autonomía <strong data-start="2396" data-end="2410">medio/alto</strong>.</p>
</li>
<li data-start="2414" data-end="2471">
<p data-start="2416" data-end="2471">Grado de discapacidad reconocido entre <strong data-start="2455" data-end="2468">45% y 75%</strong>.</p>
</li>
</ul>
<p data-start="2473" data-end="2660" style="text-align: justify;"><em data-start="2473" data-end="2660">(En casos excepcionales se valorarán situaciones fuera de estos márgenes, siempre que la persona cuente con un nivel adecuado de autonomía y sin problemas graves de conducta asociados.)</em></p>
<hr data-start="2662" data-end="2665" />
<h2 data-start="2667" data-end="2683" style="text-align: justify;"></h2>
<h2 data-start="2667" data-end="2683" style="text-align: justify;"></h2>
<h2 data-start="2667" data-end="2683" style="text-align: justify;">Conclusión</h2>
<p style="text-align: justify;">
<p data-start="2684" data-end="2816" style="text-align: justify;">Con más de <strong data-start="2695" data-end="2753">20 años de experiencia en el sector de la discapacidad</strong>, en <strong data-start="2758" data-end="2777">Abriendo Camino</strong> damos un paso más con este proyecto.</p>
<p data-start="2818" data-end="3037" style="text-align: justify;">La <strong data-start="2821" data-end="2838">Casa Tutelada</strong> nace de la <strong data-start="2850" data-end="2886">ilusión, compromiso y dedicación</strong> de todo un equipo que comparte un mismo objetivo:<br data-start="2936" data-end="2939" />👉 <strong data-start="2942" data-end="3037">Mejorar la calidad de vida de las personas con discapacidad intelectual y/o del desarrollo.</strong></p>
<p>[/et_pb_text][et_pb_gallery gallery_ids=»582,583,584,585,586,587,588,589&#8243; posts_number=»8&#8243; show_title_and_caption=»off» _builder_version=»4.27.4&#8243; _module_preset=»default» global_colors_info=»{}»][/et_pb_gallery][/et_pb_column][/et_pb_row][/et_pb_section]</p>

<p>Casa Tutelada “Abriendo Camino”Una vivienda para vivir con autonomía y apoyo &nbsp; La Casa Tutelada es un proyecto pensado para que personas con discapacidad intelectual y/o del desarrollo puedan convivir, desarrollarse y alcanzar mayor independencia, siempre con los apoyos necesarios según sus necesidades. Queremos que cada persona tenga la oportunidad de crecer, convivir y disfrutar [&hellip;]</p>
